3291?
3, 7, 337, 866783
What are the prime factors of 7845548?
2, 757, 2591
List the prime factors of 263657187.
3, 277, 3917
List the prime factors of 5483904824.
2, 9403, 72901
What are the prime factors of 25360211?
25360211
List the prime factors of 124065925.
5, 4962637
What are the prime factors of 2465639851?
6367, 387253
What are the prime factors of 511012848?
2, 3, 41, 73, 3557
List the prime factors of 46380156.
2, 3, 3865013
What are the prime factors of 61876641?
3, 20625547
What are the prime factors of 91742117?
91742117
List the prime factors of 71251178.
2, 19, 397, 4723
List the prime factors of 2287073.
61, 37493
List the prime factors of 151307231.
151307231
What are the prime factors of 163886656?
2, 29, 88301
What are the prime factors of 2156336266?
2, 7, 907, 169817
What are the prime factors of 6075702?
2, 3, 59, 1907
List the prime factors of 58351700.
2, 5, 11, 53047
What are the prime factors of 305182043?
59, 271, 19087
What are the prime factors of 119768863?
157, 719, 1061
What are the prime factors of 341532988?
2, 85383247
What are the prime factors of 48455087?
48455087
List the prime factors of 555456706.
2, 7, 39675479
List the prime factors of 144278891.
2999, 48109
What are the prime factors of 97030879?
11, 359, 24571
List the prime factors of 98666620.
2, 5, 13, 19, 19973
List the prime factors of 4728481547.
4728481547
List the prime factors of 202030357.
601, 336157
List the prime factors of 1245515649.
3, 7, 487, 121787
List the prime factors of 419585144.
2, 11, 41, 116293
What are the prime factors of 149696146?
2, 1901, 39373
What are the prime factors of 127823251?
127823251
List the prime factors of 3035653107.
3, 1011884369
What are the prime factors of 15107629?
67, 443, 509
List the prime factors of 100837446.
2, 3, 19, 239, 3701
What are the prime factors of 91848316?
2, 7, 3280297
List the prime factors of 118029529.
41, 2878769
What are the prime factors of 11269889?
11269889
List the prime factors of 834042289.
834042289
What are the prime factors of 97231932?
2, 3, 7, 241, 1601
What are the prime factors of 185690122?
2, 673, 137957
List the prime factors of 235960562.
2, 139, 848779
List the prime factors of 1665318734.
2, 773, 1077179
List the prime factors of 56302578.
2, 3, 3127921
List the prime factors of 63133117.
3847, 16411
What are the prime factors of 2698001691?
3, 7, 11, 19, 137, 641
What are the prime factors of 46843658?
2, 1621, 14449
List the prime factors of 17730147.
3, 43, 137443
List the prime factors of 80750501.
13, 71, 89, 983
List the prime factors of 1714466726.
2, 7, 127, 964267
What are the prime factors of 275797087?
275797087
List the prime factors of 569482248.
2, 3, 107, 211, 1051
What are the prime factors of 4838981857?
4838981857
What are the prime factors of 2717259149?
11, 307, 547, 1471
What are the prime factors of 984114560?
2, 5, 11, 13, 10753
List the prime factors of 42761744.
2, 1447, 1847
What are the prime factors of 136786915?
5, 27357383
List the prime factors of 22462518.
2, 3, 13, 61, 4721
What are the prime factors of 4355482664?
2, 13, 41879641
List the prime factors of 2626268896.
2, 82070903
What are the prime factors of 71370145?
5, 7, 11, 197, 941
List the prime factors of 2164957372.
2, 541239343
List the prime factors of 43790532.
2, 3, 109, 33479
What are the prime factors of 111752755?
5, 22350551
List the prime factors of 554675568.
2, 3, 1291, 8951
List the prime factors of 1138380.
2, 3, 5, 18973
What are the prime factors of 193667570?
2, 5, 17, 19, 3527
List the prime factors of 393672513.
3, 13, 10094167
What are the prime factors of 1188435844?
2, 8707, 34123
What are the prime factors of 108524288?
2, 223, 1901
List the prime factors of 86078032.
2, 29, 6397
What are the prime factors of 907540863?
3, 41, 941, 7841
What are the prime factors of 49209559?
7, 7029937
List the prime factors of 305957020.
2, 5, 15297851
What are the prime factors of 1188907741?
7, 169843963
List the prime factors of 70265847.
3, 1567, 14947
What are the prime factors of 40146819?
3, 487, 27479
What are the prime factors of 21981020?
2, 5, 1099051
What are the prime factors of 28348694?
2, 11, 31, 197, 211
List the prime factors of 675547.
137, 4931
What are the prime factors of 2398416550?
2, 5, 19, 2524649
What are the prime factors of 1728773888?
2, 71, 227, 419
What are the prime factors of 24240258?
2, 3, 7, 192383
List the prime factors of 36067085.
5, 41, 175937
What are the prime factors of 83820168?
2, 3, 239, 4871
What are the prime factors of 2042311632?
2, 3, 2767, 15377
List the prime factors of 4269694775.
5, 170787791
List the prime factors of 692731313.
11743, 58991
What are the prime factors of 450564527?
7, 149, 419, 1031
List the prime factors of 2135342047.
139, 15362173
What are the prime factors of 219052300?
2, 5, 2190523
List the prime factors of 499767738.
2, 3, 157, 530539
What are the prime factors of 257847509?
257847509
List the prime factors of 147137786.
2, 19, 3872047
List the prime factors of 2076392345.
5, 14369, 28901
List the prime factors of 165272407.
165272407
List the prime factors of 106941461.
11, 9721951
What are the prime factors of 27124048?
2, 7, 29, 1193
What are the prime factors of 315703980?
2, 3, 5, 23, 37, 229
List the prime factors of 259010414.
2, 13, 43, 71, 251
List the prime factors of 1077424216.
2, 11, 12243457
What are the prime factors of 2262771150?
2, 3, 5, 15085141
List the prime factors of 321582803.
23, 41, 14827
What are the prime factors of 34439599?
1523, 22613
What are the prime factors of 4983125098?
2, 7, 19, 18733553
What are the prime factors of 513790282?
2, 256895141
What are the prime factors of 90677067?
3, 13, 43, 139, 389
List the prime factors of 1413140364.
2, 3, 13084633
List the prime factors of 61580560.
2, 5, 227, 3391
What are the prime factors of 1467850417?
11, 269, 496063
List the prime factors of 558452.
2, 149, 937
What are the prime factors of 74465185?
5, 17, 29, 1777
List the prime factors of 133886515.
5, 7, 3825329
List the prime factors of 686519425.
5, 181, 151717
List the prime factors of 1790630076.
2, 3, 439, 339907
What are the prime factors of 46604269?
46604269
What are the prime factors of 46038843?
3, 19, 151, 1783
What are the prime factors of 104526671?
41, 2549431
What are the prime factors of 337149364?
2, 23, 59, 179, 347
What are the prime factors of 484089358?
2, 242044679
What are the prime factors of 649352727?
3, 24050101
What are the prime factors of 45246066?
2, 3, 1187, 6353
List the prime factors of 1124111980.
2, 5, 53, 883, 1201
List the prime factors of 1733605006.
2, 7, 101, 131, 191
List the prime factors of 442374562.
2, 7, 61, 79, 83
List the prime factors of 83426106.
2, 3, 17, 23, 43, 827
List the prime factors of 1001443495.
5, 13, 107, 109, 1321
What are the prime factors of 78029969?
78029969
List the prime factors of 1502104965.
3, 5, 151, 631, 1051
List the prime factors of 1353473693.
11, 13, 860441
What are the prime factors of 28994923?
28994923
List the prime factors of 80173558.
2, 40086779
What are the prime factors of 114310664?
2, 13, 401, 2741
List the prime factors of 353987983.
353987983
What are the prime factors of 13897523?
13897523
What are the prime factors of 5600768427?
3, 1283, 485041
What are the prime factors of 4731857142?
2, 3, 241, 3272377
List the prime factors of 28897628.
2, 7224407
List the prime factors of 59829219.
3, 547, 4051
List the prime factors of 1523781.
3, 7, 19, 67
What are the prime factors of 158737418?
2, 7, 11338387
List the prime factors of 2440828189.
347, 7034087
What are the prime factors of 1642422414?
2, 3, 273737069
List the prime factors of 829004172.
2, 3, 2063, 33487
What are the prime factors of 756070641?
3, 84007849
What are the prime factors of 823327965?
3, 5, 18296177
What are the prime factors of 16546186?
2, 67, 123479
What are the prime factors of 677169619?
7, 17, 5690501
List the prime factors of 69035470.
2, 5, 7, 17, 58013
List the prime factors of 7211002503.
3, 53, 3733, 12149
What are the prime factors of 56482508?
2, 14120627
What are the prime factors of 49525283?
139, 283, 1259
What are the prime factors of 2977068078?
2, 3, 47, 173, 